the greatest common divisor of c and x?
33
Suppose 3*g - 3387 = -183*k + 186*k, 5*k = -4*g + 4534. Calculate the highest common divisor of g and 117.
39
Suppose 8*b = -3*o + 11*b + 651, -4*o = -b - 871. Calculate the greatest common divisor of 6 and o.
2
Suppose -4*a - 4648 = -6*y, 0 = 3*y - a - 1081 - 1245. Calculate the highest common factor of y and 291.
97
Let m(q) = 611*q - 1739. Let f be m(4). What is the highest common factor of f and 285?
15
Suppose 0 = 2*f - 25*s + 21*s - 96, 0 = 5*f - s - 186. Calculate the highest common divisor of 1422 and f.
18
Let q = -2380 - -2424. Let x(s) = 4*s**2 + 13*s - 11. Let h be x(-10). Suppose -h + 61 = -3*w. Calculate the greatest common divisor of q and w.
22
Suppose -3*a + 4496 = u, -a + 139*u - 137*u + 1508 = 0. Calculate the greatest common factor of a and 24.
12
Suppose -3*j - l = 15, -2*j - 4*l + 24 = -4*j. Let w be (j - 12)/(-1) - -6. Calculate the greatest common factor of w and 324.
12
Let r(v) = 68*v + 7. Let t be r(1). Let m be (630/(-18))/(1 + 12/(-10)). Calculate the highest common divisor of t and m.
25
Let l = -50 - -74. Let n(o) = -o - 12. Let j be n(-22). Let w be (8/j)/(9 - (-1253)/(-140)). Calculate the highest common factor of l and w.
8
Let q(l) = -l**2 + 50*l - 528. Let n be q(20). What is the greatest common factor of 768 and n?
24
Let t = 9716 + -9322. What is the highest common factor of 591 and t?
197
Suppose -l + 2 = -1, 2*t - 14 = -2*l. Suppose -15 = 3*h, 3*n - t*h + 1 - 36 = 0. Calculate the greatest common divisor of 95 and n.
5
Let m(l) = -127*l**3 - 3*l**2 + l + 1. Let a be m(-1). What is the highest common divisor of a and 93?
31
Let t(z) = -9*z + 4. Let k be t(2). Let r be 142/7 + 4/k. Suppose 195*o - 1472 = -38*o + 49*o. Calculate the greatest common divisor of r and o.
4
Suppose -23*p + 54*p = 16*p + 3300. What is the highest common factor of 120 and p?
20
Let l be (24/(-14))/(((-55)/140)/11). Suppose g + 5*o = 0, -5*g - o = -0*o - l. Suppose 0*w - 5*w = -150. What is the highest common factor of g and w?
10
Suppose -153*r - 2730 + 3036 = 0. Let a = -5 + 9. Suppose 5*q - a*q = 14. What is the highest common divisor of q and r?
2
Let f be -142*(-1 - (-4)/8). Let d = f + -39. Suppose 3*o - d = 28. What is the highest common divisor of o and 10?
10
Let o be (8/(-6))/((-16)/12). What is the highest common factor of 43 and o?
1
Let h be -2 + 20 - 3/(-6)*-12. What is the greatest common divisor of h and 18?
6
Let d(b) = b**3 + 11*b**2 + 12*b + 18. Suppose -25 - 35 = 6*o. Let h be d(o). Let u be h - -6*(-164)/(-8). Calculate the greatest common factor of u and 11.
11
Let j be (11*117)/(-17*12/(-272)). What is the greatest common divisor of j and 264?
132
Let r(u) = -30*u + 263. Let k be r(-11). Let h = k + -137. Calculate the greatest common factor of h and 24.
24
Suppose 82*r - 146977 - 46953 = 0. Calculate the highest common factor of r and 605.
55
Let n(t) = -36*t + 6109. Let o be n(0). Calculate the greatest common divisor of 298 and o.
149
Let d be 2321/165 - (-8)/(-120). Calculate the greatest common divisor of d and 763.
7
Let f be -1 + 1 - (-813)/3. Suppose 0 = -5*o - 5*p + 640, 6*o = 4*o + p + f. Calculate the greatest common divisor of o and 19.
19
Let c(v) = -21*v + 116. Suppose -7*b + 35 = -0. Let f be c(b). What is the greatest common factor of 44 and f?
11
Let t = -6672 + 9706. Calculate the greatest common factor of 444 and t.
74
Let r be (-32)/(-24) - (-4)/6. Suppose -2*b + 6 = r. Suppose -b*q - 3*u + 398 = u, -u - 214 = -q. What is the greatest common factor of 19 and q?
19
Suppose -2*u - 5*b = 6, -3*u + 1 = b - 3. Suppose -51 + 1 = -u*h. Suppose 2*w - 3*f = 2*f + 25, 90 = 4*w - 2*f. What is the highest common factor of h and w?
25
Suppose -37*b - 170*b + 463905 = -38*b. Calculate the greatest common divisor of b and 1281.
183
Suppose -12*r = -9*r - 60. Suppose 3 = 7*p - 46. Suppose -p*q = -1035 + 55. What is the highest common factor of r and q?
20
Let d(g) = -g**2 - 13*g + 19. Let s be d(-14). Suppose 48 = 4*m - 2*z, -6 = -s*m - 5*z + 39. What is the greatest common factor of 209 and m?
11
Let r(t) = 13*t - 1. Let l be r(5). Let m = -6049 + 6073. Calculate the highest common factor of m and l.
8
Suppose 0 = -8*y + 413 + 3312 + 1523. Calculate the greatest common divisor of 2132 and y.
164
Let o(i) = 379*i - 1. Suppose 4*z - 10 = -5*h, -z + 45 = 5*h - 4*z. Suppose -h = -9*s + 3*s. Let g be o(s). Calculate the greatest common factor of g and 42.
42
Let q(w) be the third derivative of 5*w**4/24 - w**3/6 + w**2. Let r be q(2). Let f = -721 - -766. What is the greatest common divisor of f and r?
9
Let p(t) = -t**2 + 10*t - 4. Let y be p(8). Let d = 43 - 41. Suppose 0 = y*u - d*u - 880. What is the highest common divisor of 22 and u?
22
Let l(s) = -95*s + 12. Let q be l(0). What is the highest common factor of 78 and q?
6
Suppose -3*c + 40 = -c. Let l = 771 - 1101. Let h = 380 + l. What is the greatest common divisor of c and h?
10
Suppose -273*i = -282*i. Suppose 17*l - 29*l + 1728 = i. Calculate the greatest common divisor of l and 18.
18
Suppose -419*j + 423*j = -5*z - 22, -3*z - 16 = 2*j. Suppose 2*b - b = 2. What is the greatest common factor of b and j?
1
Suppose -612*b - 2464 = -616*b. Suppose -b = -39*u + 28*u. What is the highest common factor of u and 896?
56
Let a be 237 + (4 - (3 - (-1 + -7))). What is the greatest common divisor of a and 713?
23
Let a(n) = 8*n - 5. Suppose 2*j + 24 = 50. Let i be a(j). What is the highest common divisor of 33 and i?
33
Let l(p) = -30*p - 98. Let t be l(-4). Let d be (1 - (-4 + 9)) + 70. Calculate the greatest common divisor of d and t.
22
Let a be 3/30*-2*22*-25. Calculate the highest common divisor of 1180 and a.
10
Let r be (-224)/(-14) - 10 - -2448. What is the highest common divisor of 18 and r?
6
Suppose 4*m + 6*i - 3771 - 2199 = 0, 1495 = m + i. Calculate the highest common divisor of m and 12.
12
Suppose 6*n - 8*n - i + 43 = 0, -17 = -n - 2*i. Suppose 2*s - 29 - n = -3*z, -z + 64 = 3*s. Calculate the highest common factor of s and 2.
2
Suppose -7*b + 6*b = -54. Let w = -38 + b. Suppose 5*r - s - 363 = 2*s, 0 = 4*s - w. Calculate the highest common factor of r and 30.
15
Let i(g) = 42*g + 106 - 69*g + 31*g - 6. Let k be i(-7). What is the highest common factor of k and 252?
36
Suppose -3*z - 5*m - 15 = 0, -z + m - 3 = 2*m. Let h(g) = z*g + 3*g + 12 + 4 - 5. Let d be h(7). What is the highest common factor of 64 and d?
32
Let i(u) = 112*u - 1878. Let b be i(17). Let l = -12 + 14. Suppose r = l*a + 106 + 84, 5*r + 2*a - 902 = 0. What is the greatest common factor of r and b?
26
Suppose -2*x - 77 = 263. Let j = 194 + x. Let v(l) = 24*l. Let y be v(4). Calculate the highest common divisor of j and y.
24
Let w be (33/3)/((5 - 2)/6). Suppose 2*o - 3*y + 8 = -y, o + 5*y = -w. Let i(r) = -4*r + 1. Let h be i(o). What is the highest common divisor of 232 and h?
29
Let k be (6/(-12))/(2*(-2)/(-192)). Let l be (0 - 28)/(k + 23). Let d be (-56)/((3/(-2))/3). Calculate the greatest common factor of l and d.
28
Let c(r) = -r**2 + 23*r + 220. Let m be c(29). Let g = -19 - -42. What is the greatest common divisor of m and g?
23
Suppose -3*n = -36*h - 603, 120 = 5*n - 5*h - 665. Let r be 102/(2/2 - 0). Calculate the greatest common factor of n and r.
51
Let u = 39702 + -13772. Calculate the highest common factor of 10 and u.
10
Suppose -5*d + 155 = 3*z, 223*d = 219*d - 5*z + 137. Suppose 6*m - 48 = 540. What is the greatest common divisor of d and m?
14
Let j = -206 + 347. Let x(t) = -39*t**2 + 2458*t - 16. Let z be x(63). What is the greatest common factor of j and z?
47
Suppose -4*s + 4*f + 1632 = 0, 18*f = 4*s + 20*f - 1614. Suppose 12*z = 9*z + 45. Calculate the highest common factor of z and s.
15
Suppose -2*i + 5*i - 16271 = -5*j, 0 = -5*i + 35. Calculate the highest common divisor of 65 and j.
65
Let w(p) = -8*p + 50. Let c(k) = -26*k + 149. Let g(d) = -3*c(d) + 8*w(d). Let y be g(4). What is the highest common divisor of 207 and y?
9
Let x(p) = -3*p**3 + 6*p**2 - 23*p - 147. Let t be x(-8). What is the greatest common factor of t and 304?
19
Let k = -21291 - -21295. Suppose -2*a = -5*a + 6. Suppose -i - 3*j = -5, 0 = a*j - 0 - 2. What is the highest common factor of i and k?
2
Let d be 0 - (1 + -2) - -69. Let x 